 of 5593 and 119?
119
Calculate the highest common divisor of 224 and 7.
7
What is the greatest common factor of 212 and 28?
4
What is the highest common divisor of 3136 and 64?
64
Calculate the highest common factor of 99 and 243.
9
What is the greatest common factor of 48 and 41136?
48
What is the highest common divisor of 252 and 225?
9
Calculate the highest common factor of 75 and 425.
25
Calculate the highest common divisor of 104 and 42536.
104
Calculate the greatest common divisor of 162 and 405.
81
Calculate the highest common divisor of 15 and 47.
1
Calculate the greatest common divisor of 30 and 39.
3
What is the highest common factor of 423 and 45?
9
Calculate the greatest common divisor of 1792 and 84.
28
What is the highest common factor of 12 and 81?
3
What is the highest common factor of 1155 and 665?
35
Calculate the greatest common factor of 1455 and 15.
15
What is the greatest common factor of 236 and 216?
4
What is the highest common divisor of 21938 and 14?
14
What is the highest common divisor of 30 and 144?
6
What is the highest common factor of 3600 and 60?
60
Calculate the highest common factor of 136 and 1576.
8
Calculate the highest common divisor of 25 and 320.
5
Calculate the greatest common factor of 2080 and 130.
130
Calculate the greatest common divisor of 1456 and 273.
91
What is the greatest common divisor of 38 and 1501?
19
What is the highest common divisor of 4097 and 119?
17
What is the greatest common factor of 1702 and 37?
37
Calculate the greatest common divisor of 64 and 36.
4
Calculate the greatest common factor of 225 and 2750.
25
What is the greatest common divisor of 60 and 13360?
20
Calculate the highest common divisor of 3600 and 10.
10
What is the greatest common factor of 68 and 1003?
17
What is the highest common divisor of 314 and 2?
2
What is the greatest common divisor of 3405 and 15?
15
Calculate the greatest common divisor of 2184 and 39.
39
What is the greatest common divisor of 32 and 40?
8
What is the highest common divisor of 832 and 26?
26
What is the highest common divisor of 96 and 1908?
12
Calculate the highest common divisor of 363 and 33.
33
What is the highest common divisor of 145 and 232?
29
Calculate the highest common factor of 942 and 12.
6
Calculate the greatest common factor of 5598 and 18.
18
What is the greatest common factor of 5633 and 86?
43
What is the highest common divisor of 67 and 1?
1
What is the greatest common factor of 400 and 32?
16
Calculate the greatest common divisor of 14 and 2.
2
Calculate the greatest common divisor of 1239 and 147.
21
What is the greatest common divisor of 20 and 44?
4
Calculate the greatest common factor of 172 and 36.
4
What is the greatest common factor of 9442 and 2?
2
What is the highest common factor of 26 and 234?
26
Calculate the greatest common divisor of 256 and 48.
16
What is the greatest common factor of 336 and 64?
16
What is the highest common divisor of 1628 and 296?
148
What is the highest common factor of 43 and 301?
43
What is the highest common divisor of 460 and 7935?
115
Calculate the highest common factor of 108 and 7236.
108
Calculate the greatest common factor of 646 and 1216.
38
What is the highest common divisor of 60 and 45?
15
What is the greatest common divisor of 30 and 3585?
15
What is the highest common divisor of 5 and 1960?
5
What is the greatest common factor of 1343 and 34?
17
What is the highest common divisor of 810 and 18?
18
What is the highest common divisor of 374 and 136?
34
What is the greatest common factor of 19 and 5111?
19
Calculate the greatest common divisor of 44 and 3377.
11
What is the highest common factor of 24 and 30?
6
Calculate the highest common factor of 391 and 46.
23
Calculate the highest common factor of 18 and 54.
18
Calculate the greatest common factor of 4819 and 79.
79
Calculate the highest common divisor of 403 and 39.
13
Calculate the highest common factor of 56 and 5992.
56
Calculate the highest common divisor of 1368 and 108.
36
Calculate the highest common divisor of 3149 and 47.
47
What is the highest common divisor of 105 and 10955?
35
What is the highest common factor of 44 and 253?
11
Calculate the greatest common divisor of 2457 and 126.
63
What is the highest common factor of 16 and 4528?
16
Calculate the highest common factor of 1010 and 30.
10
Calculate the highest common divisor of 20614 and 11.
11
Calculate the greatest common divisor of 3670 and 70.
10
What is the highest common divisor of 62 and 558?
62
Calculate the greatest common factor of 228 and 171.
57
Calculate the greatest common divisor of 28 and 1834.
14
Calculate the highest common factor of 196 and 8.
4
Calculate the greatest common divisor of 81 and 351.
27
What is the highest common divisor of 360 and 3816?
72
Calculate the greatest common divisor of 62 and 10.
2
What is the highest common factor of 4 and 1256?
4
What is the highest common divisor of 492 and 2132?
164
What is the greatest common factor of 2 and 2762?
2
Calculate the greatest common factor of 7 and 259.
7
Calculate the highest common divisor of 649 and 55.
11
Calculate the highest common factor of 12 and 100.
4
What is the greatest common factor of 3328 and 48?
16
What is the greatest common factor of 38 and 6194?
38
Calculate the highest common factor of 1323 and 27.
27
What is the highest common factor of 266 and 380?
38
Calculate the greatest common divisor of 4531 and 23.
23
Calculate the greatest common divisor of 304 and 32.
16
What is the highest common divisor of 224 and 4352?
32
What is the greatest common divisor of 2946 and 6?
6
Calculate the greatest common divisor of 170 and 11475.
85
Calculate the greatest common factor of 89 and 1.
1
Calculate the highest common factor of 1360 and 4624.
272
What is the highest common divisor of 8 and 4?
4
What is the highest common divisor of 2 and 7?
1
Calculate the highest common factor of 3757 and 544.
17
What is the greatest common divisor of 26 and 442?
26
Calculate the greatest common divisor of 207 and 276.
69
What is the greatest common factor of 6223 and 98?
49
Calculate the greatest common divisor of 80 and 304.
16
What is the highest common divisor of 7 and 8?
1
Calculate the highest common factor of 11 and 616.
11
Calculate the highest common divisor of 40 and 140.
20
What is the highest common divisor of 8155 and 35?
35
What is the highest common divisor of 54 and 678?
6
Calculate the highest common divisor of 493 and 261.
29
Calculate the highest common factor of 39 and 110175.
39
Calculate the highest common factor of 350 and 70.
70
Calculate the greatest common factor of 42 and 56.
14
Calculate the highest common divisor of 76 and 551.
19
What is the greatest common divisor of 171 and 477?
9
Calculate the highest common factor of 36720 and 108.
108
What is the highest common factor of 2680 and 40?
40
What is the highest common factor of 53 and 53?
53
What is the greatest common factor of 108 and 792?
36
What is the greatest common divisor of 60 and 96?
12
Calculate the greatest common divisor of 1521 and 9.
9
What is the greatest common factor of 6 and 1077?
3
Calculate the greatest common factor of 24175 and 75.
25
Calculate the greatest common factor of 90 and 18.
18
Calculate the highest common divisor of 43 and 3.
1
Calculate the greatest common factor of 4758 and 234.
78
What is the highest common factor of 756 and 7?
7
What is the highest common factor of 70 and 6230?
70
What is the highest common divisor of 158 and 237?
79
What is the greatest common factor of 1177 and 11?
11
What is the highest common divisor of 35 and 14?
7
Calculate the highest common factor of 288 and 108.
36
What is the greatest common factor of 162 and 108?
54
Calculate the greatest common factor of 66 and 11418.
66
Calculate the greatest common divisor of 15 and 1080.
15
Calculate the greatest common factor of 4 and 38.
2
What is the greatest common factor of 99 and 1166?
11
Calculate the greatest common factor of 11826 and 162.
162
What is the highest common divisor of 247 and 13?
13
Calculate the greatest common factor of 205 and 65.
5
What is the greatest common divisor of 6 and 51?
3
What is the highest common divisor of 2244 and 88?
44
Calculate the highest common fac